 Let j be ((-2)/b)/((-4)/16). Suppose 3 = -2*f - j. Let h(k) = -k**2 + 2*k + 1. What is h(f)?
-7
Let k(r) = -4*r**2 - r + 1. Let x be 16/10*(-17 - 3). Let n be 22/16 + 12/x. What is k(n)?
-4
Let a = 9 - 8. Let l(o) be the second derivative of -3*o**4/2 + o**3/3 - o**2/2 + 2*o + 16. Determine l(a).
-17
Let a(h) = 10 - 6 - 1678*h + 1679*h. What is a(-6)?
-2
Let w(z) = -z**2 + z + 2. Let l(y) = -4*y**2 + 8*y + 4. Let d(j) = -l(j) + 3*w(j). Calculate d(2).
-4
Let l(o) = -2*o**3 + 15*o**2 + 12*o - 19. Let g(i) = -i**3 + 7*i**2 + 7*i - 10. Let z(k) = 5*g(k) - 3*l(k). Let t = 30 - 20. Give z(t).
-3
Let g(t) be the third derivative of -t**6/120 - t**5/12 + t**4/8 + 5*t**3/6 + 12*t**2 - 2. Determine g(-6).
23
Let c(j) = 26*j + 520. Let o be c(-20). Let i(l) be the second derivative of -4*l + 13/6*l**3 + o - 1/2*l**2. Give i(1).
12
Let l(x) = x**3 + 2*x. Let o(v) = -v. Let d be o(-2). Suppose g = d + 3. Suppose 0 = -b - m - 7, b - g*m = 5*b + 33. Calculate l(b).
-12
Let u be 2*(0 + 2 + 1). Suppose -u = a - 6*a + 4*i, -5 = -2*a - i. Let z(o) = 3*o - 2 + 0*o - o**a + 5. Determine z(3).
3
Let l(w) = 62*w - 4. Let z be l(2). Let d be z/135 + (-1)/(-9). Let j(q) = 5*q**2 + 1. Determine j(d).
6
Let d(m) be the third derivative of 7*m**5/60 + 86*m**2. Let i = 12 + -7. Suppose -2*q + 7*q = i. Calculate d(q).
7
Let h = 245 + -240. Let k = -26 - -13. Let n(v) = -5*v**2 - 6*v - 2. Let j(z) = 11*z**2 + 12*z + 4. Let l(m) = k*n(m) - 6*j(m). Give l(h).
7
Let v(t) = t - 3*t**2 - 4 + 2*t - 6*t**2 + 4*t**2 + t**3 - 2*t**2. Give v(7).
17
Let x(v) = v**3 + v**2 - v - 1. Let i be x(0). Let j(c) = 20*c**2 - 17*c - 10. Let t(f) = 13*f**2 - 12*f - 7. Let m(y) = -5*j(y) + 7*t(y). Calculate m(i).
-9
Suppose 3*h - h - 16 = -4*q, 5*q - h = 20. Let f(y) = 3*y. Let b(c) = 3*c. Let v(m) = 5*b(m) - 6*f(m). What is v(q)?
-12
Let z(t) = -t**2 - 14*t**3 + 29*t**3 - 14*t**3 + t. What is z(0)?
0
Let q(b) = b - 14. Let n(j) = -j**2 - 7*j + 3. Let p be n(-2). Give q(p).
-1
Let i(t) = t**3 + 4*t**2 - 6*t + 2. Suppose 3*q = -u - 2*q + 26, q = -2*u + 43. Suppose 11*b - u = -76. Calculate i(b).
7
Suppose 3*r = 4*v + 86, 0*v - 89 = -3*r + v. Let g(z) = 3*z - r - 4*z**2 + 28 + 5*z**2. Let l be -1 + 1 + (-2 - 2). Give g(l).
2
Let w(y) = -y**3 + 13*y**2 + 10. Suppose -68 = -15*g + 127. What is w(g)?
10
Let g(m) = -7*m - 4 - 14 + 2*m + 2*m. Give g(-8).
6
Let h(l) = l**2 - l - 4. Let m be h(3). Let p(y) = 5*y + 23. Let w be (-88)/(-10) - (-6)/30. Let b(g) = -g - 6. Let o(f) = m*p(f) + w*b(f). Calculate o(5).
-3
Let z(a) = a**2 + 6*a + 1. Let f be (-12)/(-27)*(-72)/(-16). Suppose u + 5 = 0, -f*w + 2*u + 5 - 3 = 0. Give z(w).
-7
Suppose p + 26 = 4*p - q, -4*q + 16 = 0. Let b(a) = 3*a + 2*a - 16*a + p*a. Calculate b(1).
-1
Let z = -607 + 612. Let w(m) = -m**3 + 6*m**2 - 3*m. What is w(z)?
10
Let k be (1/(-3))/((-17)/102). Let l(p) = -4*p + 1 + p**k + 3*p**2 - 5*p**2. Let y = -3 - 1. Determine l(y).
1
Let l(d) = d**3 - d**2 + d. Suppose 0 = -y + 8 - 5. Suppose 6*i - 5 = i - q, -y*q - 2 = -2*i. Determine l(i).
1
Let r(h) = -h**2 - 8*h - 7. Let z = -44 - -82. Let l = -43 + z. Give r(l).
8
Let b be (-5)/(3/6 - 3). Suppose b*l - 8 = -2*l. Let h(a) = a - 1. Give h(l).
1
Let u(r) be the first derivative of -r**3/3 - 5*r**2/2 - 4*r + 8. Give u(-6).
-10
Let z(w) = 3*w - 13. Let r be z(8). Let t be 321/r + (-2)/11. Suppose -5*g + 12 - t = 4*q, 3*g = 9. Let h(l) = -l**3 - 8*l**2 + 5. What is h(q)?
5
Let i(h) = h**2 - 2*h + 4. Let k(a) = -a**2 + 2*a - 7. Let g(r) = -4*i(r) - 3*k(r). What is g(5)?
-10
Let r(l) = 2*l + 26. Let j be r(-10). Suppose 3 + j = -3*m. Let s(t) = -t**3 - 2*t**2 + t + 4. Give s(m).
10
Let b(i) = -3*i**2 - 1 + 0 - 32*i - 29*i - 32*i + 96*i. Give b(3).
-19
Let m(n) = -2 - 25*n - 22*n + 4 + 30*n - 1. Give m(-1).
18
Let j(q) = 5*q**3 + 11*q**2 + 11*q - 1. Let p(m) = -4*m**3 - 10*m**2 - 10*m + 2. Let t(c) = -5*j(c) - 6*p(c). What is t(5)?
18
Let g be (8/12)/(2/12). Let t(i) = 3*i**2 + 8*i + 8. Let b(u) = -21*u + 2*u + 2*u**2 - 6*u**2 - 9 + 10*u. Let c(x) = 4*b(x) + 5*t(x). What is c(g)?
4
Let n(s) = s**2 - 15*s**2 + 6*s + 15*s**2 + 1. Suppose -2*b - 5 = 5. What is n(b)?
-4
Let l = -91 - -87. Let a(s) = -s**2 - 3*s. Let w be a(l). Let b(n) be the first derivative of -n**2/2 - 5*n + 1. Give b(w).
-1
Let c(g) = -g**2 + 13*g + 4. Let q(h) = -6*h**2 + 66*h + 18. Let v(r) = -11*c(r) + 2*q(r). Give v(-11).
-8
Let c(u) be the first derivative of -16 - 7*u - 1/3*u**3 + 5*u**2. Determine c(5).
18
Let m = 59 + -42. Let d be 1*3 - (-17 + m). Let o(v) = -v**2 - 4*v - 1. Give o(d).
-22
Let h = 4 - 1. Let k(r) = -4*r + r**2 - 3 + 3*r + 0*r**2 + 0. Calculate k(h).
3
Suppose 2*c = -x - 3 - 0, 0 = 3*c - 2*x - 13. Let j be -11 - -9 - (-10)/c. Let f be ((-2)/j)/(3/(-12)). Let g(o) = o. What is g(f)?
1
Let o(m) = m**2. Let h = -7 - -10. Let g be 2/(h/1 - 2). Suppose 0 = -4*n + 4*y, g*n + 5*y + 31 = 10. What is o(n)?
9
Suppose -6 = 3*y + k + 2*k, 0 = -5*y - 3*k. Let s(u) = 5*u - u + 6*u - y*u + u**2. Let j(v) = -v**2 + 14*v + 9. Let a be j(15). Determine s(a).
-6
Let s(z) = -6*z. Suppose i + 4*r = 12, r = -5*i + 27 - 5. Let u(x) = -x**2 + 4*x - 3. Let d be u(i). Calculate s(d).
18
Let k(n) be the third derivative of -n**6/180 - 13*n**4/24 + n**2. Let v(p) be the second derivative of k(p). Suppose -3*a = 2*a + 10. Determine v(a).
8
Let k = 67 - 59. Suppose 2*p = -12 + k. Let v(l) = l**2 - l - 2. Determine v(p).
4
Let b(v) = -2*v + 117 - 111 + v**2 + 5*v - v + 0*v. Give b(-5).
21
Let q(m) be the third derivative of -m**6/60 + m**5/20 - m**4/12 + m**3/6 - 111*m**2. Determine q(2).
-7
Let o(i) be the third derivative of -i**4/12 - 2*i**3/3 + i**2. Suppose 0 = 4*l - 8, -4*k = -3*l - 14. Suppose 0 = -k*q + 2*q - 15. What is o(q)?
6
Let b(a) = -7*a**3 + 10*a**2 - 16*a + 9. Let z(i) = -19*i**3 + 30*i**2 - 46*i + 26. Let w(g) = -8*b(g) + 3*z(g). Let s be -12*-3*1/4. Give w(s).
-3
Let j be 60/24 + 3/2. Let y(h) = -h**2 + 6*h - 2. Let d be y(5). Let l(k) = d*k - k - 1 - k. What is l(j)?
3
Let b(n) be the third derivative of -1/24*n**4 + 0*n - 11*n**2 + 0 - 1/3*n**3. What is b(4)?
-6
Let t(x) = 13 - 11*x**3 - 9*x**3 + 11*x - 8*x**3 - 10*x**2 + 29*x**3 - 2*x**3. Determine t(-11).
13
Let q(s) = 6*s - 5. Let v(i) = 2*i**3 - 109*i**2 - 59*i + 227. Let p be v(55). What is q(p)?
37
Let f(m) = 5*m**3 - m**2 - 6*m + 8. Let z(h) = -9*h**3 + 2*h**2 + 11*h - 15. Let x(b) = -11*f(b) - 6*z(b). Let a be 1/3 - (-15)/9. Give x(a).
-10
Let j(n) = -5*n**2 - 2*n + 14. Let o(d) = 3*d**2 + d - 7. Let u(h) = 12*h - 80. Let y be u(7). Let m = -1 + 8. Let p(z) = m*o(z) + y*j(z). Determine p(0).
7
Suppose 3*o - 18 = -0*o - 3*r, 5*o = -2*r + 36. Let t(g) = g - 5. Determine t(o).
3
Suppose -18*u = -14*u + 8. Let w(f) = -5*f**2 - f + 0 + 3 - 2. What is w(u)?
-17
Let h(z) = z**2 - 7*z + 6. Let w = -19 - -37. Suppose 0 = -6*n + 11*n - 4*r + 62, -r - 72 = 5*n. Let b = w + n. Give h(b).
-6
Let n be (0 + 6/(-15))*(0 - 10). Suppose -n*w + 3 = 3*a + 17, -4*w - 10 = a. Let b(d) = 9*d - 2. What is b(w)?
-20
Let i(k) be the second derivative of -k**5/20 + k**4/6 + k**3/3 - 3*k**2/2 - 4*k - 6. Determine i(2).
1
Let i(k) be the third derivative of -k**5/60 - 7*k**3/6 + 10*k**2. Let w be (2/(-4))/(2/(-4)). Let g be (-1 + 0 + 1)/w. Give i(g).
-7
Let d(x) = x**3 + 12*x**2 - 13*x + 7. Suppose 11 = -4*c - 41. What is d(c)?
7
Let i(l) = l**2 + 2*l + 2. Suppose 3*t = -b + 6*b - 133, b - 149 = 3*t. Let c = t + 48. Calculate i(c).
5
Let h(g) = -g**3 - 11*g**2 + 10*g + 2. Let q(d) = -6*d**3 - 56*d**2 + 51*d + 10. Let o(a) = 11*h(a) - 2*q(a). Determine o(8).
2
Let h(j) = -3*j + 1. Let b be 10/12 - (-210)/(-36). What is h(b)?
16
Let j(y) = y**3 - 2*y**2 - 25*y + 47. Let s be j(2). Let o(l) = 14*l + 11. Give o(s).
-31
Let k(c) = c**3 + 3*c**2 + 2*c. Suppose -11*g - 8 = -15*g. Let y be (9*(-2)/12)/(1/g). Determine k(y).
-6
Suppose g - 3 = -1. Suppose 0 = 8*j - g*j - 36. Let n(p) = -p**3 + 5*p**2 + 4*p + 5. Give n(j).
-7
Let w(c) = c**3 - 3*c**2 + 2*c - 2. Let a(f) = 32*f + 195. Let k be a(-6). Calculate w(k).
4
Let p = 2 + -8. Let w(v) be the third derivative of -v**6/120 - 7*v**5/60 - v**4/3 + v**3/2 - 60*v**2. Determine w(p).
15
Let n(t) = -4*t**2 + 2. Let c(v) = 5*v**2 - 1. Let s(w) = -3*c(w) - 4*n(w). What is s(-5)?
20
Let k(s) = -s - 4. Suppose 98*j - 29*j - 69 = 0. Determi